 and 56.
4
Let n = 67 - 59. Suppose -l + 409 = -2*y, n*l - 2*y - 1618 = 4*l. Calculate the greatest common divisor of l and 39.
13
Let k be (-452)/(-10) - (-3)/15*-1. Suppose k = 2*p + p. Suppose -9*g + p = -3. What is the greatest common divisor of 10 and g?
2
Let t = -300 - -371. Suppose -13*g + t - 19 = 0. Calculate the greatest common divisor of g and 68.
4
Let g = -136 + 228. Suppose -g = 77*r - 81*r. Calculate the greatest common divisor of r and 253.
23
Suppose 5053 + 13438 - 308 = 87*i. Calculate the highest common factor of i and 1276.
11
Let b(w) be the third derivative of w**6/120 - 2*w**5/15 - 7*w**4/12 + 5*w**3/6 + 6*w**2 + w. Let y be b(10). Calculate the greatest common divisor of 26 and y.
13
Suppose 0 = 28583*i - 28598*i + 5085. Calculate the highest common factor of 48 and i.
3
Suppose 0 = 3*r - 70 + 262. Let b = -32 - r. Suppose 0*g = g - b. Calculate the highest common divisor of 48 and g.
16
Suppose -5*q + 1190 = 5*f, -322*f = -2*q - 318*f + 488. Calculate the highest common factor of 4260 and q.
60
Let s be 222/30 + (-3)/(-5). Let n = 96 - 103. Let w be (-84)/210 + n/(-5). What is the highest common divisor of s and w?
1
Suppose 0 = 2*f + 2*h - 439 + 27, -600 = -3*f + 3*h. Let o = f + -199. What is the greatest common divisor of 32 and o?
4
Suppose -3*x - 24 = -6*x. Let c be 4 - -95 - (-4 + x). Suppose -4*m = m - c. Calculate the greatest common divisor of 209 and m.
19
Let u be 26 - -8 - (-1 - -5). Let v be (4 - 9)/((-3)/u). Calculate the highest common divisor of v and 175.
25
Let j = -334 - -336. Suppose 0 = -f + 13 - 8, 5*f = -j*n + 117. What is the greatest common factor of 253 and n?
23
Let c be 24/(-10) - 8/(-20). Let n be ((-20)/25)/(c/(-625)). Let i = n - -390. What is the highest common factor of 28 and i?
28
Let u be (13/(-5))/(-13) + (-9)/(135/(-42)). Calculate the highest common divisor of 78 and u.
3
Suppose 0 = 14*i + 7*i - 945. Suppose -6*w + 4*w = -3*g - 7, 0 = -4*g - 4*w + 24. Let n be 12 + (-1)/(g/3). What is the greatest common factor of i and n?
9
Let u(m) = -67*m - 648. Let l be u(-10). Suppose -2*d = 5*x - 30, -2*x = -0*d + 5*d - 33. Calculate the greatest common divisor of l and x.
2
Let j(d) = 25*d**2 + 81*d - 11. Let s be j(-5). Let l be (2*-1)/(18/(-99)). What is the highest common factor of l and s?
11
Let v(l) = 27*l - 206. Let o be v(9). Suppose 247 = 5*u + o. Calculate the highest common factor of 322 and u.
14
Let m(i) be the third derivative of i**5/15 - 5*i**4/24 + 11*i**3/6 + 2*i**2 - 24. Let v be m(-4). Calculate the greatest common divisor of 5 and v.
5
Suppose -7 - 3 = -2*z, 0 = -2*r + 5*z - 5. Suppose 5*o + 17 = d, 3*d + 8*o - 116 = r*o. Calculate the greatest common factor of d and 28.
14
Let d = -65 - -70. Let h be -42*d/((-30)/44). Suppose 82 = 10*l - h. What is the greatest common factor of 13 and l?
13
Suppose -1568 = -49*t + 55762. Calculate the greatest common divisor of 12 and t.
6
Let p(r) = -15*r**3 + 8*r**2 - 7*r + 12. Let o be p(-8). What is the highest common factor of 10 and o?
10
Let c = 37 + -30. Let j(t) = t**3 - 7*t**2 + t - 5. Let i be j(c). Suppose 0 = 2*g + 3*g + i*r - 84, -3*r = -6. What is the greatest common divisor of 80 and g?
16
Let n(m) = -9*m**3 - 6*m**2 - 5*m + 29. Let u be n(-4). Suppose 5*o - 519 = -27*s + 23*s, 4*s + 3*o = u. What is the greatest common factor of 24 and s?
8
Let j be 54/81*(-393)/(-2). Let x = -97 + j. What is the greatest common factor of 68 and x?
34
Let u = 190 - 66. Suppose -51 - 29 = 5*i. Let v = u + i. Calculate the greatest common divisor of v and 18.
18
Suppose -2*k - 18 = -4*q, q = -3*k + 12 + 3. Let t be (1 - -1) + (-12)/q. Let d be 0 - (-28 - (0 + t)). Calculate the highest common divisor of d and 28.
28
Suppose -261*j + 223*j = -9234. Calculate the highest common divisor of j and 21.
3
Let a = -12174 + 28354. What is the greatest common factor of 20 and a?
20
Let s be (5 - 1)*(0 + 1/2). Suppose -909 = 5*p + q, p = s*p - q + 177. Let j = p + 442. What is the greatest common divisor of 29 and j?
29
Let g be 6/14 + ((-319032)/98)/(-6). Calculate the greatest common divisor of 3 and g.
3
Let s = 13076 - 12316. Calculate the highest common divisor of s and 640.
40
Suppose 5*f - 2*o = 14, f + 2 = 2*o - 0. Suppose -s + 33 = f. Suppose 3*z + 928 = 11*z. Calculate the greatest common factor of z and s.
29
Let p(a) = 109*a**2 - 426*a - 1726. Let l be p(-4). Calculate the greatest common divisor of l and 294.
42
Let m = -8297 + 8412. Calculate the greatest common divisor of 55 and m.
5
Suppose 349*t = 350*t - 36. Let f(s) = -s**2 - 9*s + 9. Let w be f(-10). Let r be w*(-36)/(-10)*(1 + -31). What is the highest common factor of r and t?
36
Let t(x) = x**3 - 4*x**2 - 2*x + 6. Let k be t(4). Let m = k + 10. Suppose 3*h = 135 - 117. Calculate the highest common factor of h and m.
2
Let p(l) = -l**2 - 10*l - 15. Let m(x) = -x**2 - 9*x + 19. Let q be m(-11). Let d be p(q). What is the greatest common factor of d and 78?
6
Let w = 153 + -175. Let a(q) = -2*q**2 - 50*q + 13. Let f be a(w). What is the highest common factor of 87 and f?
29
Let c(k) = -2*k**2 + 77*k - 437. Let r be c(18). Calculate the greatest common factor of 1333 and r.
43
Let w(k) = -k**2 + 20*k - 27. Let q be w(18). Suppose q = 2*g + g. What is the highest common divisor of 21 and g?
3
Let f(p) = 7*p + 11 + 9*p - p**3 + 1 + 11*p**2 - 5*p. Let g be f(12). Suppose g = 16*n - 13*n - 186. What is the highest common factor of n and 155?
31
Let p be ((-16)/32)/((-1)/62). Suppose -p*k + 125 = -26*k. Calculate the greatest common factor of k and 15.
5
Let u = -2427 - -19831. What is the highest common factor of u and 76?
76
Suppose 7097*x = 7084*x + 110890. What is the greatest common divisor of x and 30?
10
Let t be (-2446)/(-4) - -4 - 42/28. Let f = t - 599. Calculate the greatest common factor of 1065 and f.
15
Let r(b) = 19*b**2 - 3*b - 1. Let z be r(-2). Let v be z/(-36)*(-4)/3. Suppose -v*m - 11 = -38. Calculate the greatest common factor of 9 and m.
9
Suppose 2*n - 2 = 2*i, -5*i - 2*n = -5*n - 5. Let d be (-40)/6*(-360)/80. Let u = -29 + d. Calculate the greatest common divisor of i and u.
1
Suppose -8*p + 747 = -5*p. Suppose 0 = -3*x - 3*q + p, -2*x + 3*x - 65 = 5*q. Calculate the highest common divisor of x and 192.
16
Suppose 13*w = -2*x + 8*w + 11, -2*w + 5 = x. Let m = 59 + -32. Calculate the greatest common divisor of m and x.
3
Let h(g) = -83*g + 2176. Let v be h(22). Calculate the highest common factor of 875 and v.
175
Let u(y) = 17*y**2 + 93*y - 946. Let h be u(11). Calculate the greatest common divisor of h and 22.
22
Let s(t) = 19*t + 1. Let p be s(-5). Let a(h) = 6*h**2 + 19*h - 215. Let i be a(6). Let m = p + i. What is the highest common factor of m and 231?
21
Let a be 3 - 180/52 - (-8759)/2470*10. Suppose -5*s - k = -1930, -3*s - 5*k = -878 - 302. Calculate the greatest common divisor of s and a.
35
Let k(j) = -3*j - 9. Let g be k(-3). Let s be -1*(g + (3 - 3)). Suppose -6*z + 2*z + 700 = s. What is the greatest common factor of z and 70?
35
Let p(w) = -3*w**2 - 18*w - 23. Let u be p(-3). Calculate the highest common factor of u and 68.
4
Let y = 4116 - 4107. Calculate the highest common divisor of y and 63.
9
Let g be (-7)/(-1)*(-32)/(-14). Let a be (-5586)/(-304) - 6/g. What is the greatest common divisor of a and 90?
18
Let k be (-408)/340 - (-95)/25*74. What is the greatest common divisor of 4840 and k?
40
Let y be (-2)/(-1) - (8 + (-17 - -1)). Suppose s - 234 = -2*v, -6*v - 1140 = -5*s - v. What is the greatest common divisor of s and y?
10
Let s(g) = -291*g - 1987. Let k be s(-7). What is the greatest common factor of 1090 and k?
10
Let i be 2/(-4) + (-226051)/(-86) + -58. Calculate the highest common divisor of i and 65.
5
Suppose 3*m - 167 = 5*n, 0*m - 2*n + 202 = 3*m. Let g(h) = h + 22. Let t be g(-10). Suppose -4*y = -t*y + m. Calculate the highest common divisor of 20 and y.
4
Let i(o) = -o**2 - 78*o - 628. Let c be i(-64). What is the highest common factor of c and 6700?
268
Let f(p) = 56 - 45 + 49 + 44*p + 61. Let t be f(7). Calculate the highest common divisor of t and 33.
33
Suppose 24*r - 8*r + 22321 = 5*h, -h + 4451 = -r. Calculate the greatest common divisor of 175 and h.
35
Suppose -m = -4*r + 1054, -m = 5*r + 28 - 1350. Let s = r +